{"id":4615,"date":"2015-09-22T14:06:30","date_gmt":"2015-09-22T14:06:30","guid":{"rendered":"https:\/\/petekpolimer.com\/index.php\/portfolio-main\/"},"modified":"2022-10-31T21:19:47","modified_gmt":"2022-10-31T21:19:47","slug":"portfolio-main","status":"publish","type":"page","link":"https:\/\/petekpolimer.com\/index.php\/portfolio-main\/","title":{"rendered":"Polietilen (PE)"},"content":{"rendered":"<p>[vc_row footer_feature=&#8221;yes&#8221;][vc_column][vc_column_text]Shrink ve stre\u00e7 film, sera \u00f6rt\u00fcs\u00fc, muhtelif torba ve po\u015fet, ambalaj malzemeleri, laminasyon, kasa, \u015fi\u015fe, kavanoz, bidon, boru, yal\u0131t\u0131m malzemeleri, \u00e7ocuk oyuncaklar\u0131 vs. i\u00e7in gereken \u00f6zelliklerde hammaddelerin temini.<\/p>\n<p><strong>AL\u00c7AK YO\u011eUNLUKLU POL\u0130ET\u0130LEN (AYPE)<\/strong><br \/>\n<strong>Film Tipi:<\/strong>\u00a0Sera \u00f6rt\u00fcs\u00fc, shrink film, torba, po\u015fet, laminasyon vb. imalatlar.<br \/>\n<strong>Enjeksiyon tipi:<\/strong>\u00a0Ev ve mutfak e\u015fyalar\u0131, oyuncaklar, konsantre boya.<\/p>\n<p><strong>L\u0130NEER AL\u00c7AK YO\u011eUNLUKLU POL\u0130ET\u0130LEN (LAYPE)<\/strong><br \/>\nB\u00fctan, hegzan ve oktan bazl\u0131, mukavemet art\u0131r\u0131c\u0131 genel kar\u0131\u015f\u0131m ve stre\u00e7.<\/p>\n<p><strong>Y\u00dcKSEK YO\u011eUNLUKLU POL\u0130ET\u0130LEN (YYPE)<\/strong><br \/>\n<strong>Film tipi:<\/strong>\u00a0Torba, po\u015fet, laminasyon, rafyal\u0131k<br \/>\n<strong>Enjeksiyon tipi:<\/strong>\u00a0Ev ve mutfak e\u015fyalar\u0131, kasalar, kapaklar, oyuncaklar vs.<br \/>\n<strong>\u015ei\u015firmelik:<\/strong>\u00a0\u015ei\u015fe, kavanoz, bidon, oyuncaklar.<br \/>\n<strong>Ekstr\u00fczyon:<\/strong>\u00a0Boru, levha.<\/p>\n<table id=\"tablepress-1\" class=\"tablepress tablepress-id-1\">\n<tbody>\n<tr class=\"row-1\">\n<td class=\"column-1\"><b>\u00dcr\u00fcn Cinsi<\/b><\/td>\n<td class=\"column-2\"><b>MFI \/ K<\/b><\/p>\n<p>&nbsp;<\/td>\n<td class=\"column-3\"><b>Cinsi<\/b><\/p>\n<p>&nbsp;<\/td>\n<td class=\"column-4\"><b>Kullan\u0131m alan\u0131<\/b><\/p>\n<p>&nbsp;<\/td>\n<\/tr>\n<tr class=\"row-2\">\n<td class=\"column-1\" rowspan=\"4\">AYPE<br \/>\nAl\u00e7ak Yo\u011funluklu<br \/>\nPolietilen<\/td>\n<td class=\"column-2\">0,3<\/td>\n<td class=\"column-3\">Filmlik<\/td>\n<td class=\"column-4\">Shrink, sera \u00f6rt\u00fcs\u00fc<\/td>\n<\/tr>\n<tr class=\"row-3\">\n<td class=\"column-2\">2 \u2013 3<\/td>\n<td class=\"column-3\">Filmlik<\/td>\n<td class=\"column-4\">Naylon torba, vs.<\/td>\n<\/tr>\n<tr class=\"row-4\">\n<td class=\"column-2\">3 \u2013 4<\/td>\n<td class=\"column-3\">Filmlik<\/td>\n<td class=\"column-4\">Pe\u00e7ete i\u00e7in naylon torba, vs.<\/td>\n<\/tr>\n<tr class=\"row-5\">\n<td class=\"column-2\">8 \u2013 16 \u2013 21<\/td>\n<td class=\"column-3\">Enjeksiyonluk<\/td>\n<td class=\"column-4\">Damlama, Mutfak e\u015fyas\u0131, kapakl\u0131k<\/td>\n<\/tr>\n<tr class=\"row-6\">\n<td class=\"column-1\" rowspan=\"3\">LAYPE<br \/>\nLineer Polietilen<\/td>\n<td class=\"column-2\">1<\/td>\n<td class=\"column-3\">Filmlik<\/td>\n<td class=\"column-4\">B\u00fctan ve hegzan bazl\u0131, genel kar\u0131\u015f\u0131m i\u00e7in<\/td>\n<\/tr>\n<tr class=\"row-7\">\n<td class=\"column-2\">2<\/td>\n<td class=\"column-3\">Filmlik<\/td>\n<td class=\"column-4\">Stre\u00e7 filmlik<\/td>\n<\/tr>\n<tr class=\"row-8\">\n<td class=\"column-2\">20<\/td>\n<td class=\"column-3\">Enjeksiyonluk<\/td>\n<td class=\"column-4\">Kapakl\u0131k<\/td>\n<\/tr>\n<tr class=\"row-9\">\n<td class=\"column-1\" rowspan=\"5\">YYPE<br \/>\nY\u00fcksek Yo\u011funluk<br \/>\nPolietilen<\/td>\n<td class=\"column-2\">0,05 \u2013 0,3<\/td>\n<td class=\"column-3\">Filmlik<\/td>\n<td class=\"column-4\">Atlet tipi po\u015fet, plastik po\u015fetler, laminasyon, file \u00e7uval<\/td>\n<\/tr>\n<tr class=\"row-10\">\n<td class=\"column-2\">0,2 \u2013 0,5<\/td>\n<td class=\"column-3\">\u015ei\u015firmelik<\/td>\n<td class=\"column-4\">\u015ei\u015fe, kavanoz, bidon<\/td>\n<\/tr>\n<tr class=\"row-11\">\n<td class=\"column-2\">4 \u2013 8<\/td>\n<td class=\"column-3\">Enjeksiyonluk<\/td>\n<td class=\"column-4\">Kapakl\u0131k<\/td>\n<\/tr>\n<tr class=\"row-12\">\n<td class=\"column-2\">PE \u2013 80 \/ 0,2<\/td>\n<td class=\"column-3\">Boru Ekstr\u00fczyon<\/td>\n<td class=\"column-4\">Bas\u0131n\u00e7l\u0131 su, gaz ve kanalizasyon borular\u0131<\/td>\n<\/tr>\n<tr class=\"row-13\">\n<td class=\"column-2\">PE -100\/ 0,1<\/td>\n<td class=\"column-3\">Boru Ekstr\u00fczyon<\/td>\n<td class=\"column-4\">Su da\u011f\u0131t\u0131m\u0131, kanalizasyon, sulama da\u011f\u0131t\u0131m \u015febeke borular\u0131<\/td>\n<\/tr>\n<\/tbody>\n<\/table>\n<p>[\/vc_column_text][\/vc_column][\/vc_row]<\/p>\n","protected":false},"excerpt":{"rendered":"<p>[vc_row footer_feature=&#8221;yes&#8221;][vc_column][vc_column_text]Shrink ve stre\u00e7 film, sera \u00f6rt\u00fcs\u00fc, muhtelif torba ve po\u015fet, ambalaj malzemeleri, laminasyon, kasa, \u015fi\u015fe, kavanoz, bidon, boru, yal\u0131t\u0131m malzemeleri, \u00e7ocuk oyuncaklar\u0131 vs. i\u00e7in gereken \u00f6zelliklerde hammaddelerin temini. AL\u00c7AK YO\u011eUNLUKLU POL\u0130ET\u0130LEN (AYPE) Film Tipi:\u00a0Sera \u00f6rt\u00fcs\u00fc, shrink film, torba, po\u015fet, laminasyon vb. imalatlar. Enjeksiyon tipi:\u00a0Ev ve mutfak e\u015fyalar\u0131, oyuncaklar, konsantre boya. L\u0130NEER AL\u00c7AK YO\u011eUNLUKLU POL\u0130ET\u0130LEN [&hellip;]<\/p>\n","protected":false},"author":1,"featured_media":0,"parent":0,"menu_order":0,"comment_status":"closed","ping_status":"closed","template":"","meta":{"om_disable_all_campaigns":false,"_monsterinsights_skip_tracking":false,"_monsterinsights_sitenote_active":false,"_monsterinsights_sitenote_note":"","_monsterinsights_sitenote_category":0,"footnotes":""},"class_list":["post-4615","page","type-page","status-publish","hentry"],"aioseo_notices":[],"_links":{"self":[{"href":"https:\/\/petekpolimer.com\/index.php\/wp-json\/wp\/v2\/pages\/4615","targetHints":{"allow":["GET"]}}],"collection":[{"href":"https:\/\/petekpolimer.com\/index.php\/wp-json\/wp\/v2\/pages"}],"about":[{"href":"https:\/\/petekpolimer.com\/index.php\/wp-json\/wp\/v2\/types\/page"}],"author":[{"embeddable":true,"href":"https:\/\/petekpolimer.com\/index.php\/wp-json\/wp\/v2\/users\/1"}],"replies":[{"embeddable":true,"href":"https:\/\/petekpolimer.com\/index.php\/wp-json\/wp\/v2\/comments?post=4615"}],"version-history":[{"count":4,"href":"https:\/\/petekpolimer.com\/index.php\/wp-json\/wp\/v2\/pages\/4615\/revisions"}],"predecessor-version":[{"id":8627,"href":"https:\/\/petekpolimer.com\/index.php\/wp-json\/wp\/v2\/pages\/4615\/revisions\/8627"}],"wp:attachment":[{"href":"https:\/\/petekpolimer.com\/index.php\/wp-json\/wp\/v2\/media?parent=4615"}],"curies":[{"name":"wp","href":"https:\/\/api.w.org\/{rel}","templated":true}]}}